nd 8420956?
337
What is the highest common divisor of 157294346 and 33?
11
What is the greatest common factor of 309 and 48209459?
103
What is the greatest common factor of 3406 and 2585336?
26
What is the highest common divisor of 43296 and 22966273?
451
What is the highest common factor of 3277 and 327022?
113
Calculate the greatest common factor of 73987732 and 728.
364
What is the greatest common divisor of 2586352 and 289504?
1744
What is the highest common factor of 68198108 and 44?
44
Calculate the highest common divisor of 70 and 37717610.
70
Calculate the highest common factor of 12012 and 1135596.
924
What is the greatest common factor of 4453336 and 39680?
248
What is the greatest common divisor of 7931 and 288400?
721
Calculate the highest common divisor of 24002200 and 50.
50
What is the highest common divisor of 14784 and 61475568?
3696
Calculate the greatest common divisor of 1178311 and 2274.
379
Calculate the highest common divisor of 12903 and 131307.
759
Calculate the greatest common factor of 18789930 and 6.
6
What is the greatest common factor of 3228 and 123274092?
3228
Calculate the highest common divisor of 22205832 and 684321.
7689
Calculate the highest common divisor of 176 and 32694904.
88
Calculate the highest common factor of 23014256 and 144.
16
Calculate the greatest common factor of 6384 and 343056.
336
What is the greatest common factor of 5936 and 20724466?
14
What is the greatest common factor of 13273 and 250211?
13
Calculate the greatest common factor of 21321 and 2012517.
927
What is the greatest common divisor of 159 and 101058121?
53
Calculate the highest common divisor of 1383099 and 2892.
723
Calculate the greatest common factor of 2220 and 4276410.
30
What is the greatest common factor of 728 and 67962076?
364
Calculate the greatest common factor of 1271 and 12054629.
31
What is the greatest common factor of 456 and 58448826?
114
What is the highest common factor of 831670 and 142790?
1090
What is the greatest common factor of 213778 and 124778?
178
What is the highest common divisor of 7416 and 9023109?
309
What is the highest common factor of 178315 and 10830?
95
Calculate the greatest common factor of 11 and 23206755.
11
Calculate the greatest common factor of 6420 and 2463420.
60
Calculate the greatest common divisor of 1481289329 and 317.
317
What is the highest common divisor of 7275 and 508950?
75
What is the highest common divisor of 4134 and 7100834?
1378
What is the greatest common factor of 6969835 and 130?
5
What is the highest common divisor of 101696 and 2653630?
3178
What is the greatest common divisor of 58522 and 35873?
29
What is the highest common factor of 3967339 and 878393?
4163
Calculate the greatest common factor of 1072783 and 219076.
383
Calculate the highest common factor of 3486949 and 866.
433
What is the highest common divisor of 12408756 and 3503?
113
Calculate the greatest common factor of 32956308 and 11088.
2772
What is the greatest common divisor of 341 and 677455834?
341
Calculate the greatest common divisor of 2324 and 6361348.
28
Calculate the greatest common factor of 799752180 and 36.
12
What is the greatest common divisor of 6864 and 82431888?
528
What is the highest common divisor of 690 and 73416345?
345
What is the greatest common factor of 740410 and 1232?
22
What is the highest common factor of 6151296 and 24?
24
What is the highest common divisor of 7854057 and 54?
27
Calculate the greatest common factor of 36450 and 31485.
15
Calculate the greatest common divisor of 3270072 and 18096.
312
What is the greatest common divisor of 35 and 2500757?
7
What is the highest common factor of 320 and 35178760?
40
Calculate the greatest common factor of 914710 and 21340.
970
What is the highest common divisor of 3090 and 13237251?
309
What is the greatest common factor of 118879 and 11?
1
Calculate the greatest common divisor of 1914 and 25539778.
638
What is the highest common factor of 1000 and 72550750?
250
What is the highest common factor of 7 and 208121900?
7
What is the highest common divisor of 305 and 1033720?
5
What is the greatest common divisor of 27597907 and 23?
23
Calculate the greatest common divisor of 370510 and 28810.
670
What is the highest common factor of 6674 and 2229586?
94
What is the greatest common divisor of 4362190 and 17170?
1010
Calculate the greatest common factor of 8211028 and 196.
196
What is the highest common factor of 450977969 and 13?
13
What is the greatest common factor of 845424 and 184?
8
Calculate the highest common factor of 12179013 and 132132.
2541
What is the highest common divisor of 51409336 and 157?
157
Calculate the greatest common divisor of 587254 and 22034.
958
Calculate the highest common divisor of 80 and 97856120.
40
What is the greatest common factor of 283217176 and 7216?
3608
Calculate the highest common factor of 24684 and 152595366.
1122
Calculate the highest common factor of 2115840 and 1905.
15
What is the highest common factor of 611912 and 751510?
446
Calculate the highest common divisor of 2091 and 330009.
123
Calculate the highest common factor of 12320 and 184796920.
3080
Calculate the greatest common divisor of 1404954 and 224280.
1602
What is the greatest common divisor of 19608 and 35587?
19
Calculate the highest common divisor of 3549 and 10286185.
1183
What is the greatest common factor of 14 and 20110792?
2
What is the highest common factor of 1142 and 23492653?
571
Calculate the highest common divisor of 22525686 and 126.
18
What is the highest common factor of 864 and 15048864?
288
Calculate the highest common divisor of 8 and 94106936.
8
Calculate the highest common factor of 1608 and 16072764.
804
What is the highest common divisor of 54015080 and 5320?
280
Calculate the greatest common factor of 419354 and 25766.
26
Calculate the highest common divisor of 23219666 and 5141.
97
What is the greatest common factor of 6183 and 134194?
229
Calculate the greatest common divisor of 130 and 3622330.
10
Calculate the greatest common divisor of 199135 and 20.
5
What is the highest common factor of 28044 and 57472488?
1476
Calculate the highest common divisor of 1250 and 13423125.
625
Calculate the greatest common divisor of 25820269 and 1.
1
Calculate the highest common factor of 1547 and 74829053.
221
Calculate the greatest common divisor of 2265860 and 531840.
5540
What is the highest common divisor of 2990 and 427180?
130
What is the highest common divisor of 6144 and 1360608?
96
Calculate the greatest common divisor of 1907889 and 4058916.
2481
What is the greatest common factor of 833400 and 4356?
36
Calculate the greatest common factor of 10376140 and 140.
20
What is the highest common divisor of 18059424 and 8436?
228
Calculate the greatest common divisor of 2769 and 1109517.
213
Calculate the highest common divisor of 11917499 and 11.
11
What is the highest common factor of 1210988604 and 84?
84
What is the greatest common factor of 10215 and 137789?
227
Calculate the highest common divisor of 11360589 and 28868.
1031
Calculate the highest common divisor of 497588 and 31948.
28
Calculate the highest common divisor of 455545 and 47430.
155
What is the highest common factor of 21626 and 31438?
22
Calculate the highest common factor of 15822459 and 5364.
1341
Calculate the greatest common factor of 2627 and 1272101107.
2627
Calculate the highest common divisor of 4 and 2371172.
4
What is the greatest common factor of 167009051 and 33?
11
What is the greatest common divisor of 102033 and 279?
9
Calculate the greatest common divisor of 20243408 and 432.
16
What is the greatest common factor of 10724289 and 3?
3
Calculate the highest common divisor of 399703 and 2166.
19
What is the highest common factor of 7260 and 557145?
15
Calculate the greatest common factor of 275 and 5543125.
25
What is the greatest common factor of 46704 and 75206784?
6672
Calculate the highest common divisor of 3743200 and 800.
800
What is the highest common divisor of 9108 and 626428?
1012
Calculate the highest common divisor of 15476035 and 170.
85
Calculate the greatest common factor of 33996149 and 4582.
2291
What is the greatest common factor of 38019 and 4710423?
1311
Calculate the highest common factor of 11